the tens digit of w(x)?
1
Suppose -d - 1 = -7. Let g(v) = 0*v - 5*v + 6 - 2 - d*v**3 + 4*v**3 + 14*v**2. What is the units digit of g(6)?
6
Let a = 71 + -60. Suppose a*f = f + 390. Let z = f + 88. What is the units digit of z?
7
Suppose 2*u + 46995 + 42468 = 13*u. What is the thousands digit of u?
8
Let g(i) = 2*i**2 + 6*i - 4. Let b be g(-4). Suppose -l + 277 = -b*f - 0*f, -5*f + 3*l - 341 = 0. What is the tens digit of (f/(-5) + -3)*14?
5
Suppose 17*r - 44 = 15*r. Suppose w + 7 = 2*i, -7 - r = -4*i - 3*w. Suppose -2*t = -i*v - 79, 0*t = -t + 3*v + 39. What is the units digit of t?
2
Let m(z) = -2*z**3 - 17*z**2 - 7*z - 6. Let g be m(-12). Let y = g - 745. What is the units digit of y?
1
Suppose 3*j - 15*y - 134 = -10*y, -42 = -j - y. Suppose -44*x + 874 = -j*x. What is the tens digit of x?
7
Let h = -6544 - -12211. What is the thousands digit of h?
5
Suppose 4*h + 1200 = 4*v, 7*v - 3*h - 598 = 5*v. Let i = 177 + v. What is the tens digit of i?
7
Suppose 6*l = -g + 114783, 3*g + 8682 + 10458 = l. What is the thousands digit of l?
9
Suppose 46*v - 2667876 = -1006126. What is the tens digit of v?
2
What is the thousands digit of 6451 + (15 - (-16)/(-8))?
6
Suppose -3*s + 0*s + 3 = 5*h, 2*s - 2 = -3*h. Let n = h - -339. What is the hundreds digit of n?
3
Let g = 20426 + 819. What is the hundreds digit of g?
2
Let c(u) = 204*u**2 - 35*u - 240. What is the tens digit of c(-8)?
9
What is the hundreds digit of (20*275363/55)/2?
0
Let o = -139 + 116. Let s(q) = -21*q + 81. What is the units digit of s(o)?
4
Let h(j) = -376*j + 363. What is the units digit of h(-8)?
1
Let l be (159/5)/(64/20 - 3). Let p be (214/(-3 - -1))/1. Let z = l + p. What is the units digit of z?
2
Suppose -5*x - 3*s + 853 = 0, 9*x - 4*s = 14*x - 849. Suppose -310 - 90 = 4*c. Let o = x + c. What is the tens digit of o?
7
Let b(y) = 44*y**2 - 10*y - 36. Let n be b(-6). What is the tens digit of 13/(26/n) - 4?
0
Suppose 5*k + 2*x - 14091 = 16933, k + 2*x - 6200 = 0. What is the hundreds digit of k?
2
Let d = 101 - 98. What is the tens digit of (0 + 262/d)/((-66)/(-198))?
6
Let t(r) = -3*r**3 - 41*r**2 - 32*r + 42. What is the tens digit of t(-17)?
7
Let b(i) = -i**2 - 1. Let q(u) = -u**3 + 15*u**2 - 13*u + 5. Let g(k) = 4*b(k) + q(k). Let s be g(6). Let h = s + -55. What is the units digit of h?
8
Let i = -1471 - -7088. What is the hundreds digit of i?
6
Suppose 0 = 7*s + 410 - 25. What is the hundreds digit of (-2 + s/(-25))*685?
1
Suppose 37371 = -11*k - 9*k + 23*k. What is the thousands digit of k?
2
Let c(r) = 3*r - 25. Let o(a) = 6*a - 49. Let j(x) = 9*c(x) - 4*o(x). Let h = -214 + 233. What is the units digit of j(h)?
8
Suppose -5*w + 15*y + 15880 = 0, 0 = -4*y + 6 - 2. What is the units digit of w?
9
Let h be 33/44 - 3/4. Suppose h*u = -4*u + 16. What is the units digit of (-4)/(u/(-9)) - 3?
6
Let o(j) be the second derivative of -j**5/20 - j**4/2 + j**3/2 - 7*j**2 + 339*j. Suppose 5*i + 4*u = -43, -9 = i - 4*u + 5*u. What is the units digit of o(i)?
4
Let l be (-24)/(-6) - (0 - 0). Suppose l*g - 2*f - 1060 = 0, -g + 2*f + 163 = -99. What is the units digit of g?
6
Let d(n) = 4*n**2 + 2*n - 1. Let o be d(-2). Suppose -2*v + 12 = 3*u + v, 0 = u + 4*v + 2. Suppose 640 = -u*w + o*w. What is the units digit of w?
8
Suppose q = -3*o + 2, 6*o = o + 2*q - 15. Let n(k) = 513*k**2 + 2*k. What is the hundreds digit of n(o)?
5
Suppose -6*s + 24416 + 8152 = 0. What is the tens digit of s?
2
Let s be 16/(-72) + 4/18. Suppose s = 6*d - 2230 - 14. What is the units digit of d?
4
Let p(f) = -f**3 + 48*f**2 + 77*f - 181. What is the thousands digit of p(45)?
9
Let h(p) = -38*p + 33. Suppose 2*a - 10 = 18. Let m(q) = -19*q + 16. Let k(f) = a*m(f) - 6*h(f). What is the hundreds digit of k(-3)?
1
Suppose 15 = 3*k - 30. Suppose -4*p + k = -5. Let g = p - -139. What is the hundreds digit of g?
1
Suppose 0 = -8*x - 19*x + 18603. Let s = x - 340. What is the tens digit of s?
4
Suppose -2*t + 57 - 50 = x, 5*t + 3*x - 20 = 0. Let b(v) = 356*v**2 + 8*v - 8. What is the hundreds digit of b(t)?
3
Let z = 7 - -96. Suppose 4*m - 134 = 5*j, 4*m - 3*m + z = -4*j. What is the units digit of (-270)/(-65) + -4 - 5716/j?
0
Let m(x) = x**2 + 14*x + 85. Let i be m(14). Suppose -23*q + i = -627. What is the tens digit of q?
4
Suppose -v + 0 = 2*f - 11, -v = -f + 1. Suppose f*b = -3*g + 2744, 5*b + 2*g = -0*g + 3423. What is the units digit of b?
3
Suppose 130487 = 27*o + 11066. What is the units digit of o?
3
Let s = 78 + -60. Let b(f) = 23*f - 85. What is the units digit of b(s)?
9
Let r = -56 + 73. Let u(l) = -7*l**2 - 3*l - 25. Let h(j) = -20*j**2 - 8*j - 74. Let w(c) = r*u(c) - 6*h(c). What is the tens digit of w(11)?
0
Let n(x) = -791*x**3 - 37*x**2 - 183*x + 2. What is the tens digit of n(-4)?
6
Let c(o) = -1741*o + 4095. What is the tens digit of c(-5)?
0
Let t(s) = -36*s**3 + 6*s**2 + 11*s + 4. Let a be t(-3). Let k = 2068 - a. What is the hundreds digit of k?
0
Suppose 0 = -2*z + 84*r - 83*r + 8012, -5*z + 3*r = -20032. What is the units digit of z?
4
Suppose 4*z - 3*z = 221. Let u = -87 + 72. Let n = z - u. What is the units digit of n?
6
Let c(y) = -y**3 + 8*y**2 + 7*y - 54. Let i be c(8). Suppose -2*x + 4*x + 5*h = 615, h = -i*x + 611. What is the hundreds digit of x?
3
Let z = -6436 + 16362. Suppose 0 = 13*x - z - 4218. What is the tens digit of x?
8
Suppose 5*t + 2 = 22. Suppose -o - 5*n + 342 = 0, 4*o - 4*n - 1468 = n. Suppose -w + t*f - 102 = -2*w, -o = -3*w + 2*f. What is the hundreds digit of w?
1
Suppose 0 = 60*b + 23*b + 64*b - 1556583. What is the hundreds digit of b?
5
What is the tens digit of 1940*927/(-540)*-12?
6
Suppose k - 6*k - 2*q + 228 = 0, 5*k = -q + 229. Let o be (-6 - -21)*28/10. Suppose -k*i + 316 = -o*i. What is the tens digit of i?
7
Let r(g) = -55*g**2 + 22*g - 1. Let v be r(-2). Let u = v + 342. What is the units digit of u?
7
Let m(x) = 329*x**3 - 3*x**2 - 35*x + 87. What is the tens digit of m(4)?
5
Let n be 0 + (-5 - -3) + -8. What is the hundreds digit of (-115)/(-69)*(-1644)/n?
2
Suppose 162*t - 7087010 = 689110 + 15756. What is the hundreds digit of t?
0
Suppose -1687 = -u - 1123 + 2216. What is the hundreds digit of u?
7
Let j = -362 - -5097. What is the hundreds digit of j?
7
Suppose 4 = -55*a + 53*a, 3*l - 2*a = 29158. What is the tens digit of l?
1
Suppose -68*o + 42*o = -216294. What is the tens digit of o?
1
Suppose 4 = i - p - 856, 5*i - 2*p = 4300. Let m = 1476 - i. Suppose -4*w - 2*x + 428 = 0, m = 4*w + x + 186. What is the units digit of w?
8
Let h(d) = -10*d**2 + 2*d + 13. Let r(b) = -20*b**2 + 4*b + 26. Let i(w) = -5*h(w) + 2*r(w). Let x be i(-4). Suppose -2*q + x = 33. What is the tens digit of q?
6
Let j = -167 - -188. Let g(a) = 12*a + 142. What is the hundreds digit of g(j)?
3
Suppose 5*c + 69455 = 34*c - 935569. What is the hundreds digit of c?
6
Let b = -715 - -608. Let f = b - -436. What is the hundreds digit of f?
3
Suppose 173*a - 155*a - 116892 = 0. What is the hundreds digit of a?
4
Let x(c) = -2*c**3 - 2*c**2 - 6*c + 1. Let i(r) = r**3 + 13*r**2 + r + 6. Let q be i(-13). Let w = -10 - q. What is the units digit of x(w)?
5
Suppose 4*b - 7*b = -1734. Suppose 0 = h + 5, 5*w = 7*w - 2*h - b. What is the units digit of w?
4
Suppose 2627 = 6*l - 6649. Suppose -12*d + l + 7238 = 0. What is the hundreds digit of d?
7
Suppose -5*f + q = -0*q - 19, -2*f - 4*q - 10 = 0. Suppose -f*x - 4*t = -7*x + 620, 4*x - 618 = 2*t. What is the hundreds digit of x?
1
Suppose 2*y - 24 + 5 = 5*v, 5*v = 5*y - 55. Let p = 3955 - 1645. Suppose -p = -y*f - 3*f. What is the hundreds digit of f?
1
Suppose 4*n - 5*y + 3547 = 0, -n + 10*y - 6*y - 873 = 0. Let v = n - -2182. What is the thousands digit of v?
1
What is the units digit of (40/14*(-11)/22)/((-14)/6566)?
0
Let b(q) = 13*q + 6. Let t be b(22). Suppose 4*j - 440 = t. What is the units digit of j - (7 + 1 + -3)?
8
Let c = 58 - 74. Let w(r) = r + 17. Let f be w(c). What is the hundreds digit of (-1*7)/(f + (-100)/95)?
1
Suppose -7*g + 11*g = 3*v - 29, 0 = 4*v - 3*g - 27. Suppose -v*h = 6*h - 3609. What is the tens digit of h?
0
Let s(l) = -l + 6. Let j be s(1). Suppose 52 = 2*u - 2*q, -u - j*q = -6 - 20. What is the tens digit of u?
2
What is the tens digit of (-732 - (2 + -1) - -2)/(-1)?
3
Let i(l) = 28*l + 456. Le